8*i - 40. Let m(n) = 31*n**3 + 13*n**2 + 11*n + 40. Let j(a) = -7*m(a) - 6*u(a). What is j(-2)?
-2
Let s(o) = 78*o - 47*o - 2505*o**2 + 36 - 2509*o**2 + 90*o + 5017*o**2. What is s(-40)?
-4
Let o(b) = -b**2 + 32*b - 214. Let k be o(10). Let t(w) = 2*w**2 - 9*w + 16. Determine t(k).
34
Let s be 14/(-42) + 46/3. Suppose 8*d - 5*d = -s. Let t(a) = 3 + 68*a - 1 - 32*a - 35*a. Determine t(d).
-3
Suppose 0 = -4*m + 4*r + 616, 2*r - 604 = -5*m + 131. Let d be (m/(-447))/(1 - 26/24). Let i(a) = 0*a + 3 + 3 - 3*a. Calculate i(d).
-6
Suppose 293*i + 63*i - 2848 = 0. Let n(g) = g**2 + 3*g - 25. Give n(i).
63
Let s(b) = -b**3 + 15*b**2 + 16. Let l(y) = -151*y - 891. Let j be l(-6). Calculate s(j).
16
Let j(q) = 678*q**2 + 1246*q + 50. Let l(m) = 125*m**2 + 249*m + 10. Let f(o) = -2*j(o) + 11*l(o). Calculate f(-13).
10
Suppose -6 = w + 2*p - 5*p, -5*p = -15. Suppose -w*x + 0 + 9 = 0. Let g(z) = 182 - x*z - 182. Give g(1).
-3
Let h(i) = -7*i - 10. Let d(z) = 9*z + 18. Let v(m) = 7*m + 17. Let l(t) = 4*d(t) - 3*v(t). Let q(k) = -13*h(k) - 6*l(k). Give q(-4).
0
Let a(j) be the third derivative of -23*j**4/24 - 17*j**3 + 119*j**2 + j. Give a(-5).
13
Let w(k) = -33*k + k**3 - 3*k**2 + 15*k - k**2 - 2*k**2 + 3*k. Determine w(8).
8
Suppose 0 = 144*r + 4389 - 213. Let h(v) = v**2 + 32*v + 90. Give h(r).
3
Suppose 20*j = 51*j - 93. Let t(i) = 114*i - 339. What is t(j)?
3
Let t = 8115 + -8121. Let p(u) = -u**2 + 3*u + 44. Calculate p(t).
-10
Suppose 2*o = -5*t + o - 49, -23 = 3*t - o. Let b be 0*(4 - t/(-2)). Suppose 2*v + 3*v + 30 = b. Let n(s) = s**2 + 7*s + 5. Determine n(v).
-1
Let i(m) = -m**3 - 25*m**2 - 23*m + 30. Suppose -2*r = 12, -208*t + 203*t = -3*r + 102. Give i(t).
6
Let m(q) = 7*q - 58. Let x be (-2)/23 + 6593/437. Calculate m(x).
47
Let x(d) be the first derivative of 5*d**2 - 37. Let y = 5 + 15. Let s be 3/(-12) + y/16. Give x(s).
10
Let q = 5 + -7. Let v(j) = j**2 + 29*j - 11. Let c be v(-40). Let x(u) = -2 - 213*u + c*u - 217*u - 3*u**2 + 5*u**2. What is x(q)?
8
Let d(x) be the second derivative of -x**5/20 + x**4/12 + 2*x**2 + x. Let k be d(0). Let t be ((-6)/k)/(78/104). Let o(y) = y**3 + y + 1. Calculate o(t).
-9
Suppose 0 = -3*l - 5 - 4. Let r be (l + 1)*9/(-6). Let j(c) be the first derivative of -c**4/4 + 2*c**3/3 + c**2 + 25. What is j(r)?
-3
Let i(q) be the second derivative of 0 + 1/3*q**3 - 1/2*q**4 + 1/2*q**2 + 31*q. Give i(-1).
-7
Let o = 35/41 + -29/82. Let g(l) be the first derivative of 0*l - 4*l**3 + o*l**2 - 15. Determine g(1).
-11
Let i(h) = 3*h. Let g(p) be the third derivative of -p**3/6 + p**2. Let j(a) = -2*g(a) + i(a). Let s(z) = -2*z**2 + 47*z + 425. Let n be s(-7). Give j(n).
-4
Let j(d) be the first derivative of -2/3*d**3 + d**2 + 1/4*d**4 - d - 25. Suppose 5 = 5*h - 5. Give j(h).
3
Let j be 8*(35/42*3 - 3). Let n(v) = 4*v + 5. Give n(j).
-11
Let z(w) = -3*w**2 - 245*w + 244*w - 4 + 5*w**2. Let i be z(2). Let q(l) = -l**2 - 2*l + 3. What is q(i)?
-5
Let c(x) be the third derivative of -x**6/360 - x**5/10 + x**4/4 + 5*x**3/6 - 46*x**2. Let d(l) be the second derivative of c(l). Give d(-7).
2
Suppose 9 - 3 = -j. Let i(t) = -33*t + 13. Let s be ((-5)/(-25))/((-21)/1155). Let r(h) = 17*h - 7. Let b(c) = j*i(c) + s*r(c). Give b(2).
21
Let y = -73 + 84. Suppose z + y = 2*p, 3*p - 3 = -2*z - z. Let n(g) = -3*g + 3. Give n(p).
-9
Let u = 513 + -518. Let f(j) = -j**3 - 6*j**2 - 4*j - 1. Let n be f(u). Let z(h) = -h**2 - 8*h - 9. Calculate z(n).
3
Let c(b) = b**3 - 7*b**2 + 4*b + 8. Let d(v) = -7*v + 282. Let f be d(40). Suppose 0 = -u + f*a + 8 + 8, -35 = -5*u + a. Give c(u).
-4
Let p be (24/(-9) - 0)/(8/(-24)). Suppose -p = -3*s + 1. Let i(j) = s - j + 10*j**2 - 8*j**2 + 0 - 2*j. Calculate i(2).
5
Let x be (-2)/3 - 28/(-6). Let k(t) = 11*t**2 + 48*t + 121. Let r(g) = -7*g**2 - 30*g - 75. Let p(d) = -5*k(d) - 8*r(d). What is p(x)?
11
Let h(n) = 5*n + 1. Let o(d) be the first derivative of -d**4/4 + 4*d**3/3 - 3*d**2 + 8*d - 20. Let k be o(3). Calculate h(k).
-4
Let t(q) = q + 6*q**2 + 2*q**2 - q**2 - 18*q**2 + q**3 + 27 - 4*q. Calculate t(11).
-6
Suppose -5 = 18*i - 41. Let r(p) = -p + 1964 - 1967 + 9*p + p**i. Give r(-6).
-15
Let o = -291 - -299. Let p(t) = 11*t**2 - 2*t + 7. Let x(m) = 2*m**2 - m. Let s(l) = p(l) - 6*x(l). Determine s(o).
-25
Let m(w) = w**2 + 10*w + 17. Let f = 5643 - 5651. Calculate m(f).
1
Let i = -72 - -69. Let b be (-4 - -4)/(i/6*-2). Suppose 4*t + 20 = 0, 3*t + b = -3*z + 3. Let v(r) = -r + 3. What is v(z)?
-3
Let q be (-8)/1 - (1 + (-5)/5). Let r(k) = 2*k**2 - 1. Let j(t) = 11*t**2 + 9*t + 1. Let u(l) = -j(l) + 5*r(l). Determine u(q).
2
Let a(z) = -z + 1. Let u(j) = -4*j + 3. Let b = -63 - -62. Let h(w) = b*a(w) + u(w). Suppose -p + 5*l = -0*p - 27, 3*p - 41 = 5*l. Give h(p).
-19
Let k = 46979 - 46990. Let f(v) = -10*v + 13. What is f(k)?
123
Let w(f) be the second derivative of f**5/30 - f**3/6 - 4*f**2 - 2*f - 7. Let z(x) be the first derivative of w(x). Let p be (-3)/2*2/(-3). Give z(p).
1
Let l be (3/6)/((-490)/164 - -3). Let y(f) = -46*f - l*f + f**2 - 57*f + 130*f - 6. Calculate y(15).
9
Let t = -10296 - -10287. Let x(a) = 3*a + 38. Calculate x(t).
11
Let t(r) = 29*r**3 + 2*r**2 - 4*r + 2. Let u = -5247 - -5248. Calculate t(u).
29
Let z(u) = u**3 - 6*u**2 - 7*u - 7. Suppose 5*p + 0*p = -4*n - 36, -12 = 5*p - 2*n. Let k be (2/p)/((-19)/266). Determine z(k).
-7
Let t(v) = 6*v**2 - 16*v - v**3 + 2 + 1 + 17*v - 7*v. Let h be t(5). Let j(s) = 5*s**2 + 4*s + 2. Give j(h).
14
Suppose -25 = u - 3*u - 5*z, -3*u = 2*z - 21. Suppose j = -5, 4*j = -u*o + 2*o + 154. Let c(k) = 0 + 24*k + 32*k + 1 - o*k. What is c(1)?
-1
Let m(f) = 2*f - 26. Suppose d = 5*s + 13, 27*d + s + 5 = 28*d. Suppose 0 = 2*u + 5*o - 37, -10*u = -12*u + d*o + 13. Determine m(u).
-4
Let t(v) = 6*v**3 - 6*v**2 + 63*v - 26. Let j(z) = z**3 - z**2 + 12*z - 5. Let a(g) = -11*j(g) + 2*t(g). Give a(3).
3
Suppose 0 = 2*m - 3*m - 12. Let o(f) be the first derivative of f**2 + 2*f - 312. Calculate o(m).
-22
Suppose -7*r = -l - 2*r + 14, 8 = l - 2*r. Let t(v) = -l*v**2 - 4*v**2 + 2 + 6*v + 8*v**2 + v**2. What is t(-4)?
-6
Let x(l) = 1035*l + 3110. Let n be x(-3). Let f(u) = u**2 + 6*u + 6. Give f(n).
61
Let f(u) = 13*u**2 + 6*u + 3. Let z be f(-2). Let t = z - 40. Let m(i) = -5*i**t - 13*i**2 + 6*i**3 - 24 + 33 + 12*i. Calculate m(12).
9
Suppose 4*i + 4*z = 24, 0 = -i + 4*z - 20 + 6. Let x = -4 - -6. Let r(y) = x - i*y - 17*y**2 - 2*y + 19*y**2. Calculate r(2).
2
Let g(v) = 5*v - 1. Suppose 6*s + 126 = 396. Suppose 9 = -9*c + s. Let y(x) = 6*x - 1. Let l(h) = c*y(h) - 5*g(h). Calculate l(-1).
2
Let z(l) be the second derivative of -l**4/12 + 13*l**3/6 - 4*l**2 - 1802*l. What is z(3)?
22
Let r(q) = -q**2 - 13*q + 51. Let w be r(-16). Let v(y) = y + 5*y**3 - y**w - 2*y**3 + 2*y**2 + 2*y**3 - 5*y**3 - 3. What is v(3)?
-9
Let t be (-2 - -1)*1*((1 - 0) + -1). Let w(q) = q**3 - 74. What is w(t)?
-74
Let f(v) = -5*v + 92. Let j be (-6 - -5) + (-2)/1 + 22/1. Give f(j).
-3
Let p(m) = -2*m + 3. Suppose -12*b + 0*b - 12 = 0. Let t be b/(-8) - 21/(-24). What is p(t)?
1
Let j(q) = -q**3 - 25*q**2 - 152*q + 19. Let b be j(-11). Let f(r) = -5*r - 15. Give f(b).
0
Let i(v) = v + 21. Suppose -2*b + 1 + 11 = 3*s, -4*b = 3*s - 18. Let k be i(b). Let y(q) = -k*q + 11*q + 10*q + 12*q. Determine y(-1).
-9
Let l(k) = -3*k + 4. Suppose 149 + 1111 = 6*o. Let w = o - 108. Suppose 103*j + 3 = w*j. Calculate l(j).
13
Let k be 7/1 + -88*3/6. Let c(j) = 4*j + 152. Give c(k).
4
Let s(g) = -6*g**2 + 1. Let i(o) = 29*o**2 + 13*o + 47. Let k(j) = -i(j) - 5*s(j). What is k(16)?
-4
Let w(z) = -2*z. Let t(q) = 2*q + 5. Let p be (-9)/6*((-196)/21)/(-14). Let m(b) = p*t(b) - 2*w(b). What is m(6)?
7
Let g(n) = n**3 - 3*n**2 + n + 1. Suppose -14*y - 805 = -245. Let w be ((-3)/4 + 0)/(15/y). Give g(w).
-1
Let b(v) = 84*v + 414. Let g = -9775 + 9770. Calculate b(g).
-6
Let c(d) = -d + 6. Let r be c(2). Let q(t) = -2*t + t + 4*t - 13. Let g be q(r). Let x(o) = -5*o**2 - o - 1. Give x(g).
-5
Let o be 88/11*32/64. Let a(v) = -2*v**3 + 10*v**2 - 3*v - 11. What is a(o)?
9
Let h(s) be the second derivative of s**4/12 - 5*s**3/6 + 11*s**2/2 - 36*s - 6. Let q = 22 - 14. Give h(q).
35
Suppose -3*a = a. Let r = a + 6. Let y(q) = -2 - 5 + 3 - q**2 - 47*q + 107*q - 54*q. Give y(r).
-4
Let c(q) = 3*